{"id":9,"date":"2020-10-16T21:09:52","date_gmt":"2020-10-16T19:09:52","guid":{"rendered":"http:\/\/alexmartincoiffeur.fr\/?page_id=9"},"modified":"2020-10-25T21:16:01","modified_gmt":"2020-10-25T20:16:01","slug":"accueil","status":"publish","type":"page","link":"https:\/\/alexmartincoiffeur.fr\/","title":{"rendered":"Artisan coiffeur &#8211; Coloriste"},"content":{"rendered":"\t\t<div data-elementor-type=\"wp-page\" data-elementor-id=\"9\" class=\"elementor elementor-9\">\n\t\t\t\t\t\t<section class=\"elementor-section elementor-top-section elementor-element elementor-element-3b49e612 elementor-section-boxed elementor-section-height-default elementor-section-height-default\" data-id=\"3b49e612\" data-element_type=\"section\" data-e-type=\"section\">\n\t\t\t\t\t\t<div class=\"elementor-container elementor-column-gap-default\">\n\t\t\t\t\t<div class=\"elementor-column elementor-col-100 elementor-top-column elementor-element elementor-element-63c36de4\" data-id=\"63c36de4\" data-element_type=\"column\" data-e-type=\"column\">\n\t\t\t<div class=\"elementor-widget-wrap elementor-element-populated\">\n\t\t\t\t\t\t<div class=\"elementor-element elementor-element-2b1c806f elementor-invisible elementor-widget elementor-widget-text-editor\" data-id=\"2b1c806f\" data-element_type=\"widget\" data-e-type=\"widget\" data-settings=\"{&quot;_animation&quot;:&quot;fadeIn&quot;}\" data-widget_type=\"text-editor.default\">\n\t\t\t\t<div class=\"elementor-widget-container\">\n\t\t\t\t\t\t\t\t\t<p><\/p>\n<p style=\"text-align: justify;\"><span style=\"font-family: var( --e-global-typography-text-font-family ), Sans-serif; font-size: 1rem;\">Avec la passion et l\u2019amour de la coiffure, le salon Alex Martin et son \u00e9quipe vous conseillent et vous accompagne afin d\u2019exprimer votre personnalit\u00e9 en mettant en harmonie une coupe, un visage, une silhouette\u2026<\/span><br><\/p>\n<p style=\"text-align: justify;\">Nous vous recevons au c\u0153ur du P\u00e9rigueux historique dans un lieu unique \u00e0 la d\u00e9coration soign\u00e9e et cosy, propice \u00e0 la d\u00e9tente, au bien-\u00eatre, pour une pause, une parenth\u00e8se.<\/p>\n<p style=\"text-align: justify;\">Bienvenue chez Alex Martin<\/p>\n<p><\/p>\t\t\t\t\t\t\t\t<\/div>\n\t\t\t\t<\/div>\n\t\t\t\t\t<\/div>\n\t\t<\/div>\n\t\t\t\t\t<\/div>\n\t\t<\/section>\n\t\t\t\t<\/div>\n\t\t","protected":false},"excerpt":{"rendered":"<p>Avec la passion et l\u2019amour de la coiffure, le salon Alex Martin et son \u00e9quipe vous conseillent et vous accompagne afin d\u2019exprimer votre personnalit\u00e9 en mettant en harmonie une coupe, un visage, une silhouette\u2026 Nous vous recevons au c\u0153ur du P\u00e9rigueux historique dans un lieu unique \u00e0 la d\u00e9coration soign\u00e9e et cosy, propice \u00e0 la &hellip; <\/p>\n<p class=\"link-more\"><a href=\"https:\/\/alexmartincoiffeur.fr\/\" class=\"more-link\">Continuer la lecture<span class=\"screen-reader-text\"> de &laquo;&nbsp;Artisan coiffeur &#8211; Coloriste&nbsp;&raquo;<\/span><\/a><\/p>\n","protected":false},"author":2,"featured_media":0,"parent":0,"menu_order":0,"comment_status":"closed","ping_status":"closed","template":"","meta":{"footnotes":""},"class_list":["post-9","page","type-page","status-publish","hentry"],"yoast_head":"<!-- This site is optimized with the Yoast SEO plugin v27.3 - https:\/\/yoast.com\/product\/yoast-seo-wordpress\/ -->\n<title>Artisan coiffeur - Coloriste -<\/title>\n<meta name=\"robots\" content=\"index, follow, max-snippet:-1, max-image-preview:large, max-video-preview:-1\" \/>\n<link rel=\"canonical\" href=\"https:\/\/alexmartincoiffeur.fr\/\" \/>\n<meta property=\"og:locale\" content=\"fr_FR\" \/>\n<meta property=\"og:type\" content=\"article\" \/>\n<meta property=\"og:title\" content=\"Artisan coiffeur - Coloriste -\" \/>\n<meta property=\"og:description\" content=\"Avec la passion et l\u2019amour de la coiffure, le salon Alex Martin et son \u00e9quipe vous conseillent et vous accompagne afin d\u2019exprimer votre personnalit\u00e9 en mettant en harmonie une coupe, un visage, une silhouette\u2026 Nous vous recevons au c\u0153ur du P\u00e9rigueux historique dans un lieu unique \u00e0 la d\u00e9coration soign\u00e9e et cosy, propice \u00e0 la &hellip; Continuer la lecture de &laquo;&nbsp;Artisan coiffeur &#8211; Coloriste&nbsp;&raquo;\" \/>\n<meta property=\"og:url\" content=\"https:\/\/alexmartincoiffeur.fr\/\" \/>\n<meta property=\"article:modified_time\" content=\"2020-10-25T20:16:01+00:00\" \/>\n<meta name=\"twitter:card\" content=\"summary_large_image\" \/>\n<script type=\"application\/ld+json\" class=\"yoast-schema-graph\">{\"@context\":\"https:\\\/\\\/schema.org\",\"@graph\":[{\"@type\":\"WebPage\",\"@id\":\"https:\\\/\\\/alexmartincoiffeur.fr\\\/\",\"url\":\"https:\\\/\\\/alexmartincoiffeur.fr\\\/\",\"name\":\"Artisan coiffeur - Coloriste -\",\"isPartOf\":{\"@id\":\"https:\\\/\\\/alexmartincoiffeur.fr\\\/#website\"},\"datePublished\":\"2020-10-16T19:09:52+00:00\",\"dateModified\":\"2020-10-25T20:16:01+00:00\",\"breadcrumb\":{\"@id\":\"https:\\\/\\\/alexmartincoiffeur.fr\\\/#breadcrumb\"},\"inLanguage\":\"fr-FR\",\"potentialAction\":[{\"@type\":\"ReadAction\",\"target\":[\"https:\\\/\\\/alexmartincoiffeur.fr\\\/\"]}]},{\"@type\":\"BreadcrumbList\",\"@id\":\"https:\\\/\\\/alexmartincoiffeur.fr\\\/#breadcrumb\",\"itemListElement\":[{\"@type\":\"ListItem\",\"position\":1,\"name\":\"Accueil\",\"item\":\"https:\\\/\\\/alexmartincoiffeur.fr\\\/\"},{\"@type\":\"ListItem\",\"position\":2,\"name\":\"Artisan coiffeur &#8211; Coloriste\"}]},{\"@type\":\"WebSite\",\"@id\":\"https:\\\/\\\/alexmartincoiffeur.fr\\\/#website\",\"url\":\"https:\\\/\\\/alexmartincoiffeur.fr\\\/\",\"name\":\"\",\"description\":\"\",\"potentialAction\":[{\"@type\":\"SearchAction\",\"target\":{\"@type\":\"EntryPoint\",\"urlTemplate\":\"https:\\\/\\\/alexmartincoiffeur.fr\\\/?s={search_term_string}\"},\"query-input\":{\"@type\":\"PropertyValueSpecification\",\"valueRequired\":true,\"valueName\":\"search_term_string\"}}],\"inLanguage\":\"fr-FR\"}]}<\/script>\n<!-- \/ Yoast SEO plugin. -->","yoast_head_json":{"title":"Artisan coiffeur - Coloriste -","robots":{"index":"index","follow":"follow","max-snippet":"max-snippet:-1","max-image-preview":"max-image-preview:large","max-video-preview":"max-video-preview:-1"},"canonical":"https:\/\/alexmartincoiffeur.fr\/","og_locale":"fr_FR","og_type":"article","og_title":"Artisan coiffeur - Coloriste -","og_description":"Avec la passion et l\u2019amour de la coiffure, le salon Alex Martin et son \u00e9quipe vous conseillent et vous accompagne afin d\u2019exprimer votre personnalit\u00e9 en mettant en harmonie une coupe, un visage, une silhouette\u2026 Nous vous recevons au c\u0153ur du P\u00e9rigueux historique dans un lieu unique \u00e0 la d\u00e9coration soign\u00e9e et cosy, propice \u00e0 la &hellip; Continuer la lecture de &laquo;&nbsp;Artisan coiffeur &#8211; Coloriste&nbsp;&raquo;","og_url":"https:\/\/alexmartincoiffeur.fr\/","article_modified_time":"2020-10-25T20:16:01+00:00","twitter_card":"summary_large_image","schema":{"@context":"https:\/\/schema.org","@graph":[{"@type":"WebPage","@id":"https:\/\/alexmartincoiffeur.fr\/","url":"https:\/\/alexmartincoiffeur.fr\/","name":"Artisan coiffeur - Coloriste -","isPartOf":{"@id":"https:\/\/alexmartincoiffeur.fr\/#website"},"datePublished":"2020-10-16T19:09:52+00:00","dateModified":"2020-10-25T20:16:01+00:00","breadcrumb":{"@id":"https:\/\/alexmartincoiffeur.fr\/#breadcrumb"},"inLanguage":"fr-FR","potentialAction":[{"@type":"ReadAction","target":["https:\/\/alexmartincoiffeur.fr\/"]}]},{"@type":"BreadcrumbList","@id":"https:\/\/alexmartincoiffeur.fr\/#breadcrumb","itemListElement":[{"@type":"ListItem","position":1,"name":"Accueil","item":"https:\/\/alexmartincoiffeur.fr\/"},{"@type":"ListItem","position":2,"name":"Artisan coiffeur &#8211; Coloriste"}]},{"@type":"WebSite","@id":"https:\/\/alexmartincoiffeur.fr\/#website","url":"https:\/\/alexmartincoiffeur.fr\/","name":"","description":"","potentialAction":[{"@type":"SearchAction","target":{"@type":"EntryPoint","urlTemplate":"https:\/\/alexmartincoiffeur.fr\/?s={search_term_string}"},"query-input":{"@type":"PropertyValueSpecification","valueRequired":true,"valueName":"search_term_string"}}],"inLanguage":"fr-FR"}]}},"_links":{"self":[{"href":"https:\/\/alexmartincoiffeur.fr\/index.php?rest_route=\/wp\/v2\/pages\/9","targetHints":{"allow":["GET"]}}],"collection":[{"href":"https:\/\/alexmartincoiffeur.fr\/index.php?rest_route=\/wp\/v2\/pages"}],"about":[{"href":"https:\/\/alexmartincoiffeur.fr\/index.php?rest_route=\/wp\/v2\/types\/page"}],"author":[{"embeddable":true,"href":"https:\/\/alexmartincoiffeur.fr\/index.php?rest_route=\/wp\/v2\/users\/2"}],"replies":[{"embeddable":true,"href":"https:\/\/alexmartincoiffeur.fr\/index.php?rest_route=%2Fwp%2Fv2%2Fcomments&post=9"}],"version-history":[{"count":9,"href":"https:\/\/alexmartincoiffeur.fr\/index.php?rest_route=\/wp\/v2\/pages\/9\/revisions"}],"predecessor-version":[{"id":104,"href":"https:\/\/alexmartincoiffeur.fr\/index.php?rest_route=\/wp\/v2\/pages\/9\/revisions\/104"}],"wp:attachment":[{"href":"https:\/\/alexmartincoiffeur.fr\/index.php?rest_route=%2Fwp%2Fv2%2Fmedia&parent=9"}],"curies":[{"name":"wp","href":"https:\/\/api.w.org\/{rel}","templated":true}]}}